is the remainder when 77149551 is divided by 19287381?
27
Calculate the remainder when 11527199 is divided by 281.
17
What is the remainder when 98932 is divided by 3521?
344
What is the remainder when 4718112 is divided by 3969?
2940
What is the remainder when 148538 is divided by 37126?
34
Calculate the remainder when 32622248 is divided by 39.
35
What is the remainder when 2551480 is divided by 127573?
20
Calculate the remainder when 37160 is divided by 14443.
8274
Calculate the remainder when 1272818 is divided by 7357.
57
What is the remainder when 177209 is divided by 88008?
1193
Calculate the remainder when 104283 is divided by 97553.
6730
Calculate the remainder when 122360 is divided by 15280.
120
What is the remainder when 79381774 is divided by 5061?
5050
What is the remainder when 782096 is divided by 390791?
514
Calculate the remainder when 127390 is divided by 451.
208
What is the remainder when 12406240 is divided by 24?
16
What is the remainder when 10344603 is divided by 35?
3
What is the remainder when 5613239 is divided by 348?
347
Calculate the remainder when 2645994 is divided by 23622.
330
Calculate the remainder when 197812 is divided by 488.
172
Calculate the remainder when 10240101 is divided by 100393.
15
What is the remainder when 184208 is divided by 35121?
8603
Calculate the remainder when 136860 is divided by 3335.
125
Calculate the remainder when 32177092 is divided by 172070.
2
Calculate the remainder when 4550229 is divided by 10655.
544
Calculate the remainder when 66171 is divided by 62.
17
Calculate the remainder when 2383399 is divided by 1056.
7
What is the remainder when 576387 is divided by 9124?
1575
What is the remainder when 56757 is divided by 655?
427
Calculate the remainder when 11510 is divided by 2110.
960
What is the remainder when 1440407 is divided by 210?
17
Calculate the remainder when 3440638 is divided by 1015.
803
What is the remainder when 1620334 is divided by 388?
46
What is the remainder when 23368287 is divided by 45?
12
Calculate the remainder when 15977127 is divided by 1731.
1728
What is the remainder when 4652351 is divided by 2842?
2839
What is the remainder when 68197 is divided by 127?
125
What is the remainder when 115464466 is divided by 14433054?
34
What is the remainder when 198811 is divided by 2967?
22
Calculate the remainder when 32793 is divided by 68.
17
Calculate the remainder when 55410 is divided by 193.
19
Calculate the remainder when 955650 is divided by 1628.
14
What is the remainder when 10104536 is divided by 357?
8
What is the remainder when 51242 is divided by 17036?
134
What is the remainder when 19469038 is divided by 19469034?
4
Calculate the remainder when 421467 is divided by 37.
0
Calculate the remainder when 73944 is divided by 73944.
0
Calculate the remainder when 931003 is divided by 1960.
3
Calculate the remainder when 4235989 is divided by 27868.
53
What is the remainder when 186140 is divided by 62045?
5
What is the remainder when 25690437 is divided by 128452?
37
What is the remainder when 50230 is divided by 2971?
2694
What is the remainder when 483880 is divided by 8613?
1552
Calculate the remainder when 24295742 is divided by 104723.
6
What is the remainder when 17289543 is divided by 152?
151
What is the remainder when 11881177 is divided by 5940574?
29
What is the remainder when 1325978 is divided by 1325959?
19
Calculate the remainder when 150139 is divided by 587.
454
Calculate the remainder when 1942422 is divided by 45.
42
Calculate the remainder when 62791 is divided by 1902.
25
What is the remainder when 14951038 is divided by 11754?
11704
What is the remainder when 1020304 is divided by 389?
346
What is the remainder when 1794517 is divided by 280?
277
Calculate the remainder when 505790995 is divided by 440.
435
What is the remainder when 595696 is divided by 179?
163
Calculate the remainder when 1717144 is divided by 451.
187
Calculate the remainder when 1271444 is divided by 5.
4
What is the remainder when 671731 is divided by 139?
83
What is the remainder when 50415 is divided by 6588?
4299
What is the remainder when 954804 is divided by 15?
9
Calculate the remainder when 78468 is divided by 7061.
797
What is the remainder when 24422 is divided by 12175?
72
Calculate the remainder when 144193 is divided by 476.
441
Calculate the remainder when 104936322 is divided by 64142.
10
Calculate the remainder when 67079159 is divided by 14004.
14003
What is the remainder when 34570932 is divided by 11523642?
6
Calculate the remainder when 3509970 is divided by 402.
108
What is the remainder when 322361 is divided by 32234?
21
Calculate the remainder when 2832735 is divided by 257520.
15
What is the remainder when 16347167 is divided by 172?
115
Calculate the remainder when 1619108 is divided by 4400.
4308
What is the remainder when 3633844 is divided by 1457?
86
Calculate the remainder when 63001 is divided by 6980.
181
What is the remainder when 241355 is divided by 3096?
2963
Calculate the remainder when 60792 is divided by 29750.
1292
Calculate the remainder when 214564 is divided by 6700.
164
What is the remainder when 242154 is divided by 1009?
1003
What is the remainder when 76346334 is divided by 420?
414
Calculate the remainder when 612055 is divided by 6581.
22
Calculate the remainder when 565686 is divided by 6751.
5353
Calculate the remainder when 513199 is divided by 171025.
124
What is the remainder when 9438480 is divided by 42325?
5
What is the remainder when 179006064 is divided by 1783?
1779
Calculate the remainder when 100706422 is divided by 13.
11
What is the remainder when 21429171 is divided by 2397?
2388
Calculate the remainder when 4084788 is divided by 9.
3
Calculate the remainder when 3000839 is divided by 96800.
39
Calculate the remainder when 633346 is divided by 633340.
6
Calculate the remainder when 1106957 is divided by 82.
39
Calculate the remainder when 257571 is divided by 4166.
3445
What is the remainder when 347668 is divided by 173537?
594
What is the remainder when 92597 is divided by 23100?
197
Calculate the remainder when 869567 is divided by 434781.
5
What is the remainder when 17372316 is divided by 8686155?
6
Calculate the remainder when 2986824 is divided by 45951.
9
What is the remainder when 60204072 is divided by 3168635?
7
Calculate the remainder when 4441235 is divided by 12.
11
What is the remainder when 398190 is divided by 529?
382
What is the remainder when 1787256 is divided by 99289?
54
Calculate the remainder when 2796525 is divided by 5057.
4
Calculate the remainder when 1185117 is divided by 1846.
1831
Calculate the remainder when 720320 is divided by 213.
167
Calculate the remainder when 1650164 is divided by 73.
72
Calculate the remainder when 16056 is divided by 1111.
502
What is the remainder when 401204221 is divided by 133734740?
1
What is the remainder when 164643 is divided by 137?
106
What is the remainder when 14643 is divided by 4602?
837
What is the remainder when 62647 is divided by 62638?
9
What is the remainder when 2696649 is divided by 1218?
1215
What is the remainder when 8062948 is divided by 217917?
19
What is the remainder when 49599 is divided by 804?
555
What is the remainder when 96750 is divided by 3585?
3540
Calculate the remainder when 6204725 is divided by 2267.
2213
What is the remainder when 1888002 is divided by 279?
9
Calculate the remainder when 89891 is divided by 25194.
14309
Calculate the remainder when 7264 is divided by 1824.
1792
What is the remainder when 330226 is divided by 82110?
1786
What is the remainder when 111912 is divided by 3977?
556
Calculate the remainder when 4022394 is divided by 2716.
2714
Calculate the remainder when 1090360 is divided by 793.
778
What is the remainder when 576470849 is divided by 425?
424
Calculate the remainder when 48792 is divided by 800.
792
Calculate the remainder when 15320475 is divided by 26878.
15
Calculate the remainder when 4518883 is divided by 79278.
37
What is the remainder when 587737259 is divided by 1881?
1880
Calculate the remainder when 3103923 is divided by 437.
349
Calculate the remainder when 3561721 is divided by 1232.
9
Calculate the remainder when 416818 is divided by 3282.
4
Wh